{"id":465,"date":"2024-04-01T20:42:21","date_gmt":"2024-04-01T17:42:21","guid":{"rendered":"https:\/\/casacalda.md\/?post_type=product&#038;p=465"},"modified":"2025-09-06T10:02:41","modified_gmt":"2025-09-06T07:02:41","slug":"racord-olandez-1","status":"publish","type":"product","link":"https:\/\/casacalda.md\/?product=racord-olandez-1","title":{"rendered":"Racord olandez KOER 1&#8221;"},"content":{"rendered":"<h2 style=\"font-weight: 500;\">American Koer drept 1&#8243;<\/h2>\n<p style=\"font-weight: 400;\"><b><strong>FORMA DREPT\u0102 (AMERICAN\u0102)\u00a0<\/strong><\/b><b><strong>1\u201d\u00a0<\/strong><\/b><b><strong>\u00a0KR.341<\/strong><\/b><\/p>\n<p style=\"font-weight: 400;\"><b><strong>Scopul \u0219i domeniul de aplicare<\/strong><\/b><\/p>\n<p style=\"font-weight: 400;\">Piesele de racordare filetate din alama sunt folosite pentru a crea conexiuni filetate deta\u0219abile pe conductele pentru b\u0103utur\u0103 rece, alimentare cu ap\u0103 menajer\u0103 \u0219i cald\u0103, \u00eenc\u0103lzire, aer comprimat \u0219i pe conductele de proces care transport\u0103 gaze \u0219i lichide care nu sunt agresive pentru materialul conectorului\u00a0.\u00a0Conectorii pot fi utiliza\u021bi pe conducte din orice material (o\u021bel, cupru, alam\u0103, plastic, polimer metalic\u00a0,\u00a0polipropilen\u0103\u00a0etc.\u00a0)\u00a0.<\/p>\n<p style=\"font-weight: 400;\"><b><strong>\u00a0<\/strong><\/b><\/p>\n<p style=\"font-weight: 400;\"><b><strong>Specifica\u021bii:<\/strong><\/b><\/p>\n<p style=\"font-weight: 400;\"><b><strong>Dimensiuni, G\u00a0<\/strong><\/b><b><strong>:<\/strong><\/b><b><strong>\u00a0\u00a01\u201d<\/strong><\/b><\/p>\n<p style=\"font-weight: 400;\">A, mm\u00a0:\u00a0\u00a062,5<\/p>\n<p style=\"font-weight: 400;\">B, mm\u00a0:\u00a0\u00a041,7<\/p>\n<p style=\"font-weight: 400;\">Presiune nominal\u0103, PN, MPa\u00a0:\u00a04,0<\/p>\n<p style=\"font-weight: 400;\">Presiune de testare MPa\u00a0:\u00a06,0<\/p>\n<p style=\"font-weight: 400;\">Presiune maxim\u0103 de lucru, \u0420\u0440, MPa * la temperatura mediului de lucru,\u00a0\u2103\u00a0:<\/p>\n<p style=\"font-weight: 400;\">*120\u00a0&#8211;\u00a04,0<\/p>\n<p style=\"font-weight: 400;\">*200\u00a0&#8211;\u00a03,2<\/p>\n<p style=\"font-weight: 400;\">*250\u00a0&#8211;\u00a02,7<\/p>\n<p style=\"font-weight: 400;\">Material corp\u00a0:\u00a0alam\u0103 placat\u0103 cu nichel CW617N<\/p>\n<p style=\"font-weight: 400;\">\n","protected":false},"excerpt":{"rendered":"<p>American Koer drept 1&#8243; FORMA DREPT\u0102 (AMERICAN\u0102)\u00a01\u201d\u00a0\u00a0KR.341 Scopul \u0219i domeniul de aplicare Piesele de racordare filetate din alama sunt folosite pentru a crea conexiuni filetate deta\u0219abile pe conductele pentru b\u0103utur\u0103 rece, alimentare cu ap\u0103 menajer\u0103 \u0219i cald\u0103, \u00eenc\u0103lzire, aer comprimat \u0219i pe conductele de proces care transport\u0103 gaze \u0219i lichide care nu sunt agresive pentru [&hellip;]<\/p>\n","protected":false},"featured_media":466,"comment_status":"open","ping_status":"closed","template":"","meta":{"site-container-style":"default","site-container-layout":"default","site-sidebar-layout":"default","disable-article-header":"default","disable-site-header":"default","disable-site-footer":"default","disable-content-area-spacing":"default"},"product_brand":[],"product_cat":[91],"product_tag":[92],"class_list":{"0":"post-465","1":"product","2":"type-product","3":"status-publish","4":"has-post-thumbnail","6":"product_cat-robineti-si-fitinguri","7":"product_tag-koer","9":"first","10":"instock","11":"shipping-taxable","12":"purchasable","13":"product-type-simple"},"jetpack_sharing_enabled":true,"_links":{"self":[{"href":"https:\/\/casacalda.md\/index.php?rest_route=\/wp\/v2\/product\/465","targetHints":{"allow":["GET"]}}],"collection":[{"href":"https:\/\/casacalda.md\/index.php?rest_route=\/wp\/v2\/product"}],"about":[{"href":"https:\/\/casacalda.md\/index.php?rest_route=\/wp\/v2\/types\/product"}],"replies":[{"embeddable":true,"href":"https:\/\/casacalda.md\/index.php?rest_route=%2Fwp%2Fv2%2Fcomments&post=465"}],"wp:featuredmedia":[{"embeddable":true,"href":"https:\/\/casacalda.md\/index.php?rest_route=\/wp\/v2\/media\/466"}],"wp:attachment":[{"href":"https:\/\/casacalda.md\/index.php?rest_route=%2Fwp%2Fv2%2Fmedia&parent=465"}],"wp:term":[{"taxonomy":"product_brand","embeddable":true,"href":"https:\/\/casacalda.md\/index.php?rest_route=%2Fwp%2Fv2%2Fproduct_brand&post=465"},{"taxonomy":"product_cat","embeddable":true,"href":"https:\/\/casacalda.md\/index.php?rest_route=%2Fwp%2Fv2%2Fproduct_cat&post=465"},{"taxonomy":"product_tag","embeddable":true,"href":"https:\/\/casacalda.md\/index.php?rest_route=%2Fwp%2Fv2%2Fproduct_tag&post=465"}],"curies":[{"name":"wp","href":"https:\/\/api.w.org\/{rel}","templated":true}]}}