{"id":509,"date":"2025-06-29T13:43:12","date_gmt":"2025-06-29T10:43:12","guid":{"rendered":"https:\/\/casacalda.md\/?post_type=product&#038;p=509"},"modified":"2026-02-24T06:47:59","modified_gmt":"2026-02-24T03:47:59","slug":"rezervor-wc-incastrat-rehau-sistem-de-fixare","status":"publish","type":"product","link":"https:\/\/casacalda.md\/?product=rezervor-wc-incastrat-rehau-sistem-de-fixare","title":{"rendered":"Rezervor WC Incastrat REHAU + Sistem de Fixare"},"content":{"rendered":"<div id=\"shopify-section-template--16384306839790__main\" class=\"shopify-section product--section section--canonical\">\n<section class=\"product--container\" data-product-wrapper=\"\">\n<div class=\"pxu-tabs pxu-tabs--bottom-true\">\n<div class=\"tab-panel\" tabindex=\"0\">\n<h4><span dir=\"auto\" style=\"vertical-align: inherit;\"><span dir=\"auto\" style=\"vertical-align: inherit;\">Rezervor WC Incastrat REHAU + Sistem de Fixare<\/span><\/span><\/h4>\n<p><span dir=\"auto\" style=\"vertical-align: inherit;\"><span dir=\"auto\" style=\"vertical-align: inherit;\">Rezervor tip A31 120 REHAU MEPA nextVIT<\/span><\/span><\/p>\n<p><span dir=\"auto\" style=\"vertical-align: inherit;\"><span dir=\"auto\" style=\"vertical-align: inherit;\">Cadru de WC REHAU pre-asamblat pentru montat pe perete, pentru construc\u021bie uscat\u0103, pentru instalare unic\u0103 pe un perete masiv sau \u00eentr-un perete cu \u0219tifturi de cadru u\u0219or, Pentru instalarea \u0219inei pe un perete masiv sau perete cu \u0219tifturi de cadru u\u0219or.<\/span><\/span><\/p>\n<p><span dir=\"auto\" style=\"vertical-align: inherit;\"><span dir=\"auto\" style=\"vertical-align: inherit;\">\u00cen\u0103l\u021bime sistem 1.200 mm, cadru de montaj autoportant, potrivit pentru \u00eenveli\u0219 cu fibr\u0103 de gips sau pl\u0103ci de gips-carton, cadru profil vopsit cu pulbere, suporturi pentru picioare reglabile pe \u00een\u0103l\u021bime 0 &#8211; 240 mm cu anti-alunecare integrat,<\/span><\/span><\/p>\n<p><span dir=\"auto\" style=\"vertical-align: inherit;\"><span dir=\"auto\" style=\"vertical-align: inherit;\">Pl\u0103ci de baz\u0103 pot fi rotite,<\/span><\/span><\/p>\n<p><span dir=\"auto\" style=\"vertical-align: inherit;\"><span dir=\"auto\" style=\"vertical-align: inherit;\">Ad\u00e2ncime potrivit\u0103 pentru a instala \u00een profil UW UW 50 \u0219i UW 75 \u0219i profil de extensie MEPA,<\/span><\/span><\/p>\n<p><span dir=\"auto\" style=\"vertical-align: inherit;\"><span dir=\"auto\" style=\"vertical-align: inherit;\">Marcaj central \u0219i contor pentru alinierea exact\u0103 a centrului axei \u0219i \u00een\u0103l\u021bimea de instalare a elementului,<\/span><\/span><\/p>\n<p><span dir=\"auto\" style=\"vertical-align: inherit;\"><span dir=\"auto\" style=\"vertical-align: inherit;\">Cistern\u0103 ascuns\u0103 Sanicontrol tip P31,<\/span><\/span><\/p>\n<p><span dir=\"auto\" style=\"vertical-align: inherit;\"><span dir=\"auto\" style=\"vertical-align: inherit;\">Tehnologie de sp\u0103lare dubl\u0103 sau simpl\u0103 sau pornire\/oprire,<\/span><\/span><\/p>\n<p><span dir=\"auto\" style=\"vertical-align: inherit;\"><span dir=\"auto\" style=\"vertical-align: inherit;\">Rezervor complet pre-asamblat,<\/span><\/span><\/p>\n<p><span dir=\"auto\" style=\"vertical-align: inherit;\"><span dir=\"auto\" style=\"vertical-align: inherit;\">Aprobare \u0219i semn CE conform DIN EN 14 055,<\/span><\/span><\/p>\n<p><span dir=\"auto\" style=\"vertical-align: inherit;\"><span dir=\"auto\" style=\"vertical-align: inherit;\">Orificiu de alimentare cu ap\u0103 din st\u00e2nga sau din spate,<\/span><\/span><\/p>\n<p><span dir=\"auto\" style=\"vertical-align: inherit;\"><span dir=\"auto\" style=\"vertical-align: inherit;\">Volum de sp\u0103lare 6\/3 l (setare din fabric\u0103),<\/span><\/span><\/p>\n<p><span dir=\"auto\" style=\"vertical-align: inherit;\"><span dir=\"auto\" style=\"vertical-align: inherit;\">Cantit\u0103\u021bi de sp\u0103lare reglabile \u00een paralel:<\/span><\/span><\/p>\n<p><span dir=\"auto\" style=\"vertical-align: inherit;\"><span dir=\"auto\" style=\"vertical-align: inherit;\">Volum mare de sp\u0103lare 6 &#8211; 7,5 l,<\/span><\/span><\/p>\n<p><span dir=\"auto\" style=\"vertical-align: inherit;\"><span dir=\"auto\" style=\"vertical-align: inherit;\">F\u0103r\u0103 trepte, volum mic de sp\u0103lare 3 &#8211; 4.5 l,<\/span><\/span><\/p>\n<p><span dir=\"auto\" style=\"vertical-align: inherit;\"><span dir=\"auto\" style=\"vertical-align: inherit;\">F\u0103r\u0103 trepte, volum maxim de sp\u0103lare 7,5 l, cu setare din fabric\u0103, cl\u0103tire imediat\u0103 activat\u0103, izolat cu ap\u0103 de condens, 10 ani de aprovizionare cu piese de schimb, ac\u0163ionare mecanic\u0103 frontal\u0103, cot de conectare la WC, de trei ori reglabil pe ad\u00e2ncime.<\/span><\/span><\/p>\n<p>&nbsp;<\/p>\n<p><span dir=\"auto\" style=\"vertical-align: inherit;\"><span dir=\"auto\" style=\"vertical-align: inherit;\">Set suport de perete pentru montare individual\u0103 pe pere\u021bi plini,<\/span><\/span><\/p>\n<p><span dir=\"auto\" style=\"vertical-align: inherit;\"><span dir=\"auto\" style=\"vertical-align: inherit;\">Kit de instalare pentru perete cu \u0219tifturi de cadru u\u0219or,<\/span><\/span><\/p>\n<p><span dir=\"auto\" style=\"vertical-align: inherit;\"><span dir=\"auto\" style=\"vertical-align: inherit;\">Orificiu de admisie apei G 1\/2 A cu supap\u0103 de oprire integrat\u0103 \u0219i roat\u0103 de m\u00e2n\u0103,<\/span><\/span><\/p>\n<p><span dir=\"auto\" style=\"vertical-align: inherit;\"><span dir=\"auto\" style=\"vertical-align: inherit;\">Coturi de conectare PE perete-WC, ND 90,<\/span><\/span><\/p>\n<p><span dir=\"auto\" style=\"vertical-align: inherit;\"><span dir=\"auto\" style=\"vertical-align: inherit;\">Kit de conectare PE perete\/WC, ND 90,<\/span><\/span><\/p>\n<p><span dir=\"auto\" style=\"vertical-align: inherit;\"><span dir=\"auto\" style=\"vertical-align: inherit;\">Adaptor PE, diametru nominal 90\/110,<\/span><\/span><\/p>\n<p><span dir=\"auto\" style=\"vertical-align: inherit;\"><span dir=\"auto\" style=\"vertical-align: inherit;\">Kit de fixare pe perete\/WC M 12,<\/span><\/span><\/p>\n<\/div>\n<p>&nbsp;<\/p>\n<\/div>\n<\/section>\n<\/div>\n","protected":false},"excerpt":{"rendered":"<p>Rezervor WC Incastrat REHAU + Sistem de Fixare Rezervor tip A31 120 REHAU MEPA nextVIT Cadru de WC REHAU pre-asamblat pentru montat pe perete, pentru construc\u021bie uscat\u0103, pentru instalare unic\u0103 pe un perete masiv sau \u00eentr-un perete cu \u0219tifturi de cadru u\u0219or, Pentru instalarea \u0219inei pe un perete masiv sau perete cu \u0219tifturi de cadru [&hellip;]<\/p>\n","protected":false},"featured_media":510,"comment_status":"open","ping_status":"closed","template":"","meta":{"site-container-style":"default","site-container-layout":"default","site-sidebar-layout":"default","disable-article-header":"default","disable-site-header":"default","disable-site-footer":"default","disable-content-area-spacing":"default"},"product_brand":[128],"product_cat":[26],"product_tag":[101,106,105,107],"class_list":{"0":"post-509","1":"product","2":"type-product","3":"status-publish","4":"has-post-thumbnail","6":"product_brand-rehau","7":"product_cat-sanitare","8":"product_tag-rehau","9":"product_tag-rehau-carcasa-wc","10":"product_tag-rehau-rama-wc","11":"product_tag-rehau-wc","13":"first","14":"instock","15":"sale","16":"shipping-taxable","17":"purchasable","18":"product-type-simple"},"jetpack_sharing_enabled":true,"_links":{"self":[{"href":"https:\/\/casacalda.md\/index.php?rest_route=\/wp\/v2\/product\/509","targetHints":{"allow":["GET"]}}],"collection":[{"href":"https:\/\/casacalda.md\/index.php?rest_route=\/wp\/v2\/product"}],"about":[{"href":"https:\/\/casacalda.md\/index.php?rest_route=\/wp\/v2\/types\/product"}],"replies":[{"embeddable":true,"href":"https:\/\/casacalda.md\/index.php?rest_route=%2Fwp%2Fv2%2Fcomments&post=509"}],"wp:featuredmedia":[{"embeddable":true,"href":"https:\/\/casacalda.md\/index.php?rest_route=\/wp\/v2\/media\/510"}],"wp:attachment":[{"href":"https:\/\/casacalda.md\/index.php?rest_route=%2Fwp%2Fv2%2Fmedia&parent=509"}],"wp:term":[{"taxonomy":"product_brand","embeddable":true,"href":"https:\/\/casacalda.md\/index.php?rest_route=%2Fwp%2Fv2%2Fproduct_brand&post=509"},{"taxonomy":"product_cat","embeddable":true,"href":"https:\/\/casacalda.md\/index.php?rest_route=%2Fwp%2Fv2%2Fproduct_cat&post=509"},{"taxonomy":"product_tag","embeddable":true,"href":"https:\/\/casacalda.md\/index.php?rest_route=%2Fwp%2Fv2%2Fproduct_tag&post=509"}],"curies":[{"name":"wp","href":"https:\/\/api.w.org\/{rel}","templated":true}]}}

<div id="shopify-section-template--16384306839790__main" class="shopify-section product--section section--canonical">
<section class="product--container" data-product-wrapper="">
<div class="pxu-tabs pxu-tabs--bottom-true">
<div class="tab-panel" tabindex="0">
<h4><span dir="auto" style="vertical-align: inherit;"><span dir="auto" style="vertical-align: inherit;">Rezervor WC Incastrat REHAU + Sistem de Fixare</span></span></h4>
<p><span dir="auto" style="vertical-align: inherit;"><span dir="auto" style="vertical-align: inherit;">Rezervor tip A31 120 REHAU MEPA nextVIT</span></span></p>
<p><span dir="auto" style="vertical-align: inherit;"><span dir="auto" style="vertical-align: inherit;">Cadru de WC REHAU pre-asamblat pentru montat pe perete, pentru construcție uscată, pentru instalare unică pe un perete masiv sau într-un perete cu știfturi de cadru ușor, Pentru instalarea șinei pe un perete masiv sau perete cu știfturi de cadru ușor.</span></span></p>
<p><span dir="auto" style="vertical-align: inherit;"><span dir="auto" style="vertical-align: inherit;">Înălțime sistem 1.200 mm, cadru de montaj autoportant, potrivit pentru înveliș cu fibră de gips sau plăci de gips-carton, cadru profil vopsit cu pulbere, suporturi pentru picioare reglabile pe înălțime 0 &#8211; 240 mm cu anti-alunecare integrat,</span></span></p>
<p><span dir="auto" style="vertical-align: inherit;"><span dir="auto" style="vertical-align: inherit;">Plăci de bază pot fi rotite,</span></span></p>
<p><span dir="auto" style="vertical-align: inherit;"><span dir="auto" style="vertical-align: inherit;">Adâncime potrivită pentru a instala în profil UW UW 50 și UW 75 și profil de extensie MEPA,</span></span></p>
<p><span dir="auto" style="vertical-align: inherit;"><span dir="auto" style="vertical-align: inherit;">Marcaj central și contor pentru alinierea exactă a centrului axei și înălțimea de instalare a elementului,</span></span></p>
<p><span dir="auto" style="vertical-align: inherit;"><span dir="auto" style="vertical-align: inherit;">Cisternă ascunsă Sanicontrol tip P31,</span></span></p>
<p><span dir="auto" style="vertical-align: inherit;"><span dir="auto" style="vertical-align: inherit;">Tehnologie de spălare dublă sau simplă sau pornire/oprire,</span></span></p>
<p><span dir="auto" style="vertical-align: inherit;"><span dir="auto" style="vertical-align: inherit;">Rezervor complet pre-asamblat,</span></span></p>
<p><span dir="auto" style="vertical-align: inherit;"><span dir="auto" style="vertical-align: inherit;">Aprobare și semn CE conform DIN EN 14 055,</span></span></p>
<p><span dir="auto" style="vertical-align: inherit;"><span dir="auto" style="vertical-align: inherit;">Orificiu de alimentare cu apă din stânga sau din spate,</span></span></p>
<p><span dir="auto" style="vertical-align: inherit;"><span dir="auto" style="vertical-align: inherit;">Volum de spălare 6/3 l (setare din fabrică),</span></span></p>
<p><span dir="auto" style="vertical-align: inherit;"><span dir="auto" style="vertical-align: inherit;">Cantități de spălare reglabile în paralel:</span></span></p>
<p><span dir="auto" style="vertical-align: inherit;"><span dir="auto" style="vertical-align: inherit;">Volum mare de spălare 6 &#8211; 7,5 l,</span></span></p>
<p><span dir="auto" style="vertical-align: inherit;"><span dir="auto" style="vertical-align: inherit;">Fără trepte, volum mic de spălare 3 &#8211; 4.5 l,</span></span></p>
<p><span dir="auto" style="vertical-align: inherit;"><span dir="auto" style="vertical-align: inherit;">Fără trepte, volum maxim de spălare 7,5 l, cu setare din fabrică, clătire imediată activată, izolat cu apă de condens, 10 ani de aprovizionare cu piese de schimb, acţionare mecanică frontală, cot de conectare la WC, de trei ori reglabil pe adâncime.</span></span></p>
<p>&nbsp;</p>
<p><span dir="auto" style="vertical-align: inherit;"><span dir="auto" style="vertical-align: inherit;">Set suport de perete pentru montare individuală pe pereți plini,</span></span></p>
<p><span dir="auto" style="vertical-align: inherit;"><span dir="auto" style="vertical-align: inherit;">Kit de instalare pentru perete cu știfturi de cadru ușor,</span></span></p>
<p><span dir="auto" style="vertical-align: inherit;"><span dir="auto" style="vertical-align: inherit;">Orificiu de admisie apei G 1/2 A cu supapă de oprire integrată și roată de mână,</span></span></p>
<p><span dir="auto" style="vertical-align: inherit;"><span dir="auto" style="vertical-align: inherit;">Coturi de conectare PE perete-WC, ND 90,</span></span></p>
<p><span dir="auto" style="vertical-align: inherit;"><span dir="auto" style="vertical-align: inherit;">Kit de conectare PE perete/WC, ND 90,</span></span></p>
<p><span dir="auto" style="vertical-align: inherit;"><span dir="auto" style="vertical-align: inherit;">Adaptor PE, diametru nominal 90/110,</span></span></p>
<p><span dir="auto" style="vertical-align: inherit;"><span dir="auto" style="vertical-align: inherit;">Kit de fixare pe perete/WC M 12,</span></span></p>
</div>
<p>&nbsp;</p>
</div>
</section>
</div>

<p>Rezervor WC Incastrat REHAU + Sistem de Fixare Rezervor tip A31 120 REHAU MEPA nextVIT Cadru de WC REHAU pre-asamblat pentru montat pe perete, pentru construcție uscată, pentru instalare unică pe un perete masiv sau într-un perete cu știfturi de cadru ușor, Pentru instalarea șinei pe un perete masiv sau perete cu știfturi de cadru [&hellip;]</p>
